{"id":10,"date":"2017-10-22T13:42:25","date_gmt":"2017-10-22T11:42:25","guid":{"rendered":"https:\/\/villa2rentlerayol.wordpress.com\/?page_id=6"},"modified":"2024-03-31T16:37:29","modified_gmt":"2024-03-31T14:37:29","slug":"home","status":"publish","type":"page","link":"https:\/\/villacassiopee-rayol.fr\/","title":{"rendered":"Villa Cassiop\u00e9e"},"content":{"rendered":"<p>A basis for a lush and peaceful Mediterranean vacation seldom gets better than this.<\/p>\n<p>Villa Cassiop\u00e9e, placed high in the hills, enjoys serene views over the sea and \u00celes d&#8217;Hy\u00e8res that just call for tranquility and contemplation.<\/p>\n<p>And, of course, that chilled glass of local proven\u00e7al ros\u00e9 and grilled langousters while the sun sets over the C\u00f4te d&#8217;Azur.<\/p>\n<p><img loading=\"lazy\" decoding=\"async\" class=\"alignnone size-full wp-image-202\" src=\"https:\/\/villa2rentlerayol.files.wordpress.com\/2017\/11\/img_2487.jpg\" alt=\"IMG_2487\" width=\"2592\" height=\"1936\" \/>Morning view on the bay of Le Rayol Canadel.<\/p>\n<p><strong>The location:<\/strong><\/p>\n<p>Le Rayol Canadel is a small village, a corner of paradise in the exceptional environment, on a calm coast between Le Lavandou and Cavalaire, close to Toulon, Hy\u00e8res and the legendary Saint Tropez.<\/p>\n<p>To the south along the fractured coastline, punctuated by deeply indented rocky headlands, and small bays boasting an exceptionnaly rich marine life, where 5 beaches of fine sands invite you to laze or dive into crystal clear water.<\/p>\n<p>To the north, the Maures mountains, a wild paradise for fell-walkers, wild and wooded area of cork oaks, heathers, eucalyptus and arbutus.<\/p>\n","protected":false},"excerpt":{"rendered":"<p>This is the home page&#8217;s excerpt<\/p>\n","protected":false},"author":1,"featured_media":61,"parent":0,"menu_order":0,"comment_status":"closed","ping_status":"closed","template":"","meta":{"footnotes":""},"_links":{"self":[{"href":"https:\/\/villacassiopee-rayol.fr\/index.php\/wp-json\/wp\/v2\/pages\/10"}],"collection":[{"href":"https:\/\/villacassiopee-rayol.fr\/index.php\/wp-json\/wp\/v2\/pages"}],"about":[{"href":"https:\/\/villacassiopee-rayol.fr\/index.php\/wp-json\/wp\/v2\/types\/page"}],"author":[{"embeddable":true,"href":"https:\/\/villacassiopee-rayol.fr\/index.php\/wp-json\/wp\/v2\/users\/1"}],"replies":[{"embeddable":true,"href":"https:\/\/villacassiopee-rayol.fr\/index.php\/wp-json\/wp\/v2\/comments?post=10"}],"version-history":[{"count":2,"href":"https:\/\/villacassiopee-rayol.fr\/index.php\/wp-json\/wp\/v2\/pages\/10\/revisions"}],"predecessor-version":[{"id":438,"href":"https:\/\/villacassiopee-rayol.fr\/index.php\/wp-json\/wp\/v2\/pages\/10\/revisions\/438"}],"wp:featuredmedia":[{"embeddable":true,"href":"https:\/\/villacassiopee-rayol.fr\/index.php\/wp-json\/wp\/v2\/media\/61"}],"wp:attachment":[{"href":"https:\/\/villacassiopee-rayol.fr\/index.php\/wp-json\/wp\/v2\/media?parent=10"}],"curies":[{"name":"wp","href":"https:\/\/api.w.org\/{rel}","templated":true}]}}